{"id":109,"date":"2022-03-18T11:39:19","date_gmt":"2022-03-18T10:39:19","guid":{"rendered":"https:\/\/buw.com\/?page_id=109"},"modified":"2022-03-23T14:17:51","modified_gmt":"2022-03-23T13:17:51","slug":"gute-werbung-hat-klare-ziele-und-messbare-wirkung","status":"publish","type":"page","link":"https:\/\/www.buw.com\/?page_id=109","title":{"rendered":"Gute Werbung hat klare Ziele und messbare Wirkung"},"content":{"rendered":"<p>Unsere Aufgabe als Werbeagentur ist klar und einfach &#8211; und alles andere als uneigenn\u00fctzig:<\/p>\n<p><strong>Wir entwerfen und realisieren Marketingkonzeptionen und Werbestrategien, mit denen sich die von Ihnen formulierten, realistischen Zielsetzungen f\u00fcr Ihr Unternehmen kosteng\u00fcnstig erreichen lassen.<\/strong><\/p>\n<p style=\"text-align: justify;\">Das entscheidende Kriterium der Erfolgsbewertung und Effizienz unserer Arbeit ist demnach, dass wir Ihre Unternehmensziele effizient umsetzen und erreichen: Steigende Verkaufs- und Umsatzzahlen, Neukundengewinnung, Kundenbindung, Imageverbesserung&#8230;<br \/>\nDieser Erfolgsbewertung unserer Arbeit stellen wir uns, denn wir wissen: Alles andere ist f\u00fcr Sie &#8222;Mumpitz&#8220;, brotlose Kunst und herausgeworfenes Geld. Und wir wissen auch: Nur wenn Sie die positive Wirkung unseres Tuns registrieren, wenn sich Marketing und Werbung f\u00fcr Sie positiv bemerkbar machen und auszahlen &#8211; nur dann sind Sie mit unseren Leistungen zufrieden, und nur dann bleiben Sie unser Kunde. Daf\u00fcr arbeiten wir jeden Tag!<\/p>\n<div style=\"overflow-x: auto;\">\n<table style=\"border-collapse: collapse; width: 100%;\">\n<tbody>\n<tr>\n<td>\n<h2>Wer Touristik kann,<br \/>\nkann eigentlich alles!<\/h2>\n<\/td>\n<td style=\"width: 50%;\">\n<h2>Kompetenz, Know-how, Kreativit\u00e4t\u00a0&amp; Technologie<\/h2>\n<\/td>\n<\/tr>\n<tr>\n<td style=\"width: 50%; vertical-align: top;\">\n<p style=\"text-align: justify;\">&#8222;Wer Touristik kann, kann eigentlich alles!&#8220; Das ist die optimistische berufliche Karriereformel einer Industrie, zu der Krisen geh\u00f6ren wie das t\u00e4gliche Brot. Und in der Tat, keine andere Branche ist so wechselhaft und unberechenbar wie die Touristik: Eine Naturkatastrophe, ein Terroranschlag, ein Staatsstreich und alle Planungen f\u00fcr ein ganzes touristisches Zielgebiet, ja f\u00fcr ganze Teilkontinente sind Makulatur. Flugzeugsitze und Hotelbetten in Nordafrika oder Venezuela? Gerade noch Bestseller, pl\u00f6tzlich unverk\u00e4uflich. Gestern Griechenland, T\u00fcrkei und \u00c4gypten, heute Mallorca. Touristikmarketing ist oft genug Krisenmanagement unter extremen Stressbedingungen mit ungeheurem Erfolgsdruck und gewaltigen Herausforderungen. Wer hier besteht, besteht \u00fcberall.<\/p>\n<p style=\"text-align: justify;\"><strong><em>B&amp;W<\/em><\/strong> \u00a0ist seit Jahren f\u00fchrende touristische Fachagentur in Deutschland. Und wie sagt man doch so treffend?:<br \/>\n<strong>Wer Touristik kann, kann eigentlich alles!<\/strong><\/p>\n<\/td>\n<td style=\"width: 50%; vertical-align: top;\">\n<p style=\"text-align: justify;\">Die extrem anspruchsvolle Arbeit f\u00fcr die Touristikindustrie hat\u00a0<em><strong>B&amp;W<\/strong><\/em>\u00a0zwangsl\u00e4ufig zu einer Full-Service-Werbeagentur mit einer eigenen leistungsf\u00e4higen Druckerei, enormen logistischen Kapazit\u00e4ten und eigenen Software- und IT-L\u00f6sungen gemacht. Nur weil wir uns intern f\u00fcr\u00a0die komplexen\u00a0Anforderungen einer extrem schnelllebigen Branche ger\u00fcstet und aufgestellt\u00a0haben, konnten wir dort erfolgreich bestehen.<\/p>\n<p style=\"text-align: justify;\">Inzwischen haben wir l\u00e4ngst erfahren und verstanden, dass unsere Kompetenzen, unser Know-how und unsere innovativen Technologien (speziell unsere Procurement-Software &#8222;e-box-one&#8220;) auch au\u00dferhalb der Touristik von erheblicher Relevanz sind. Deshalb gelingt es uns immer h\u00e4ufiger, auch Kunden aus ganz anderen Wirtschaftsbereichen zu gewinnen. Hier wie dort sch\u00f6pfen wir dabei aus unserer 30j\u00e4hrigen Erfahrung und\u00a0unserem dichten Netzwerk an kreativen\u00a0Kr\u00e4ften aller Sparten sowie unserem feinmaschigen Netz an spezialisierten Lieferanten f\u00fcr\u00a0alle marketingrelevanten Produkte und Dienstleistungen.<\/p>\n<\/td>\n<\/tr>\n<\/tbody>\n<\/table>\n<\/div>\n","protected":false},"excerpt":{"rendered":"<p>Unsere Aufgabe als Werbeagentur ist klar und einfach &#8211; und alles andere als uneigenn\u00fctzig: Wir entwerfen und realisieren Marketingkonzeptionen und Werbestrategien, mit denen sich die von Ihnen formulierten, realistischen Zielsetzungen f\u00fcr Ihr Unternehmen kosteng\u00fcnstig erreichen lassen. Das entscheidende Kriterium der Erfolgsbewertung und Effizienz unserer Arbeit ist demnach, dass wir Ihre&#8230;<\/p>\n<p> <a class=\"continue-reading-link\" href=\"https:\/\/www.buw.com\/?page_id=109\"><span>Continue reading<\/span><i class=\"crycon-right-dir\"><\/i><\/a> <\/p>\n","protected":false},"author":1,"featured_media":0,"parent":0,"menu_order":0,"comment_status":"closed","ping_status":"closed","template":"","meta":{"footnotes":""},"class_list":["post-109","page","type-page","status-publish","hentry"],"_links":{"self":[{"href":"https:\/\/www.buw.com\/index.php?rest_route=\/wp\/v2\/pages\/109","targetHints":{"allow":["GET"]}}],"collection":[{"href":"https:\/\/www.buw.com\/index.php?rest_route=\/wp\/v2\/pages"}],"about":[{"href":"https:\/\/www.buw.com\/index.php?rest_route=\/wp\/v2\/types\/page"}],"author":[{"embeddable":true,"href":"https:\/\/www.buw.com\/index.php?rest_route=\/wp\/v2\/users\/1"}],"replies":[{"embeddable":true,"href":"https:\/\/www.buw.com\/index.php?rest_route=%2Fwp%2Fv2%2Fcomments&post=109"}],"version-history":[{"count":11,"href":"https:\/\/www.buw.com\/index.php?rest_route=\/wp\/v2\/pages\/109\/revisions"}],"predecessor-version":[{"id":285,"href":"https:\/\/www.buw.com\/index.php?rest_route=\/wp\/v2\/pages\/109\/revisions\/285"}],"wp:attachment":[{"href":"https:\/\/www.buw.com\/index.php?rest_route=%2Fwp%2Fv2%2Fmedia&parent=109"}],"curies":[{"name":"wp","href":"https:\/\/api.w.org\/{rel}","templated":true}]}}