{"id":2,"date":"2022-03-15T11:46:29","date_gmt":"2022-03-15T11:46:29","guid":{"rendered":"https:\/\/buw.com\/?page_id=2"},"modified":"2025-02-10T14:42:59","modified_gmt":"2025-02-10T13:42:59","slug":"sample-page","status":"publish","type":"page","link":"https:\/\/www.buw.com\/","title":{"rendered":"Herzlich Willkommen bei B&#038;W Druck und Marketing"},"content":{"rendered":"<table class=\" aligncenter\" style=\"width: 100%; border-collapse: collapse;\">\n<tbody style=\"width: 100%;\">\n<tr>\n<td style=\"width: 565px; vertical-align: top;\">\n<h3 style=\"text-align: left;\">Wir er\u00f6ffnen die leistungsf\u00e4higste und modernste Digitaldruckerei im Ruhrgebiet<\/h3>\n<p style=\"text-align: justify;\">Seit Mai 2023 setzen wir das umfangreichste Expansions- und Investitionsprojekt unserer Unternehmensgeschichte um. Lag der Schwerpunkt unserer T\u00e4tigkeit bisher beim Offsetdruck, so entsteht nun im Gewerbegebiet \u201eZeche Holland\u201c in Bochum Wattenscheid die mit gro\u00dfem Abstand modernste und leistungsf\u00e4higste Digitaldruckerei des Ruhrgebiets. Nach der umfassenden Modernisierung der Offsetdruckerei in den Jahren 2019 bis 2021 machen wir damit einen zweiten gro\u00dfen Schritt in ein nachhaltiges Wachstum und eine gesicherte Zukunft f\u00fcr unser Unternehmen.<\/p>\n<h3 style=\"text-align: left;\">Unternehmensziel: Angebots- und Servicef\u00fchrerschaft an Rhein und Ruhr<\/h3>\n<p style=\"text-align: justify;\">Unser Ziel ist die Angebots- und Servicef\u00fchrerschaft im Druckgewerbe an Rhein und Ruhr! Hierzu geh\u00f6ren nach unserer \u00dcberzeugung ein breites, nachfrageorientiertes Produktionsangebot, modernste Technik, fundiertes produktionstechnisches Know-how, umfassende und verbindliche Beratungskompetenz sowie Zuverl\u00e4ssigkeit, Flexibilit\u00e4t und Termintreue.<\/p>\n<h3>F\u00fcr jeden Auftrag die richtige Druckmaschine<\/h3>\n<p style=\"text-align: justify;\">So wurden seit Mai 2023 neun Digitaldruckmaschinen installiert, die die Komplexit\u00e4t der Digitaldrucktechnologie ebenso widerspiegeln wie die gro\u00dfe Vielfalt der Kundenw\u00fcnsche:<\/p>\n<p style=\"text-align: justify;\">Auch allerh\u00f6chste Anspr\u00fcche an die Druckqualit\u00e4t erf\u00fcllen zwei Indigo-Druckmaschinen von HP. Dabei bildet die mit 7 Farben ausgestattete \u201eIndigo 7K\u201c den aktuellen state of the art des Digitaldrucks. Weitere f\u00fcnf Druckmaschinen kommen aus dem Haus der Digitaldruck-Erfinder XEROX. Deren Top-Modell IRIDESSE ist gleich zwei Mal in unserer Digitaldruckhalle vertreten. Angeschafft wurden zudem zwei 4farbige Maschinen des Xerox-Modells VERSANT 3100. Abgerundet wird die Palette der XEROX-Maschinen von einer 1farbigen PRIMELINK, die speziell f\u00fcr hochauflagige Eindrucke in farbige Vordrucke sowie f\u00fcr die Produktion einfacher Drucksachen eingesetzt wird.<\/p>\n<p style=\"text-align: justify;\">Schlie\u00dflich steuert Konica Minolta zwei Pressen bei: je eine 4farbige bzw. 1farbige Variante des Modells AcurioPress.<\/p>\n<\/td>\n<td style=\"width: 565px; vertical-align: top;\"><a href=\"https:\/\/psa.e-box-one.de\/category\/571\"><img loading=\"lazy\" decoding=\"async\" class=\"alignright wp-image-398 size-full\" src=\"https:\/\/www.buw.com\/wp-content\/uploads\/2023\/07\/pandemie-shop.png\" alt=\"\" width=\"220\" height=\"70\" srcset=\"https:\/\/www.buw.com\/wp-content\/uploads\/2023\/07\/pandemie-shop.png 220w, https:\/\/www.buw.com\/wp-content\/uploads\/2023\/07\/pandemie-shop-150x48.png 150w\" sizes=\"auto, (max-width: 220px) 100vw, 220px\" \/><\/a><img loading=\"lazy\" decoding=\"async\" class=\"alignnone wp-image-294 size-full\" style=\"font-size: 16px; font-weight: 400;\" src=\"https:\/\/www.buw.com\/wp-content\/uploads\/2022\/03\/zeche.klein_-2.jpg\" alt=\"\" width=\"565\" height=\"350\" srcset=\"https:\/\/www.buw.com\/wp-content\/uploads\/2022\/03\/zeche.klein_-2.jpg 565w, https:\/\/www.buw.com\/wp-content\/uploads\/2022\/03\/zeche.klein_-2-300x186.jpg 300w, https:\/\/www.buw.com\/wp-content\/uploads\/2022\/03\/zeche.klein_-2-150x93.jpg 150w\" sizes=\"auto, (max-width: 565px) 100vw, 565px\" \/><\/p>\n<h3>Eigene Weiterverarbeitung und Veredelung f\u00fcr den Digitaldruck<\/h3>\n<p style=\"text-align: justify;\">Um die ungeheure Vielfalt und Vielzahl der t\u00e4glich produzierten Digitaldrucke zu Endprodukten weiterverarbeiten und veredeln zu k\u00f6nnen, haben wir eine ebenfalls sehr leistungsf\u00e4hige Weiterverarbeitung speziell f\u00fcr die besonderen Anforderungen des Digitaldrucks errichtet.<\/p>\n<p style=\"text-align: justify;\">Hier finden sich Maschinen, die auf die Formate und Auflagen der Digitaldruckauftr\u00e4ge zugeschnitten sind. Dazu geh\u00f6ren u.a. drei Cellophaniermaschinen, zwei Klebebinder (PUR und Hotmelt), eine halbautomatische Wire-O-Bindeanlage, ein digitaler Schneidplotter, ein digitaler Kaltfoliendrucker und vieles mehr. Abgerundet wird der Maschinenpark schlie\u00dflich durch Maschinen f\u00fcr die Abwicklung von Lettershop-Auftr\u00e4gen: Hierzu z\u00e4hlen insbesondere vier Couvertiermaschinen von Bell + Howell und Quadient.<\/p>\n<h3 style=\"text-align: left;\">Schaffung von mehr als 20 neuen Arbeitspl\u00e4tzen<\/h3>\n<p style=\"text-align: justify;\">Besonders erfreulich an dem Expansionsprozess ist, dass mehr als 20 neue Arbeitspl\u00e4tze am Standort Wattenscheid entstanden sind. Noch nicht alle von Ihnen konnten bislang besetzt werden. Gesucht werden insbesondere noch Fachkr\u00e4fte f\u00fcr die Buchbinderei und den Versand!<\/p>\n<\/td>\n<\/tr>\n<\/tbody>\n<\/table>\n","protected":false},"excerpt":{"rendered":"<p>Wir er\u00f6ffnen die leistungsf\u00e4higste und modernste Digitaldruckerei im Ruhrgebiet Seit Mai 2023 setzen wir das umfangreichste Expansions- und Investitionsprojekt unserer Unternehmensgeschichte um. Lag der Schwerpunkt unserer T\u00e4tigkeit bisher beim Offsetdruck, so entsteht nun im Gewerbegebiet \u201eZeche Holland\u201c in Bochum Wattenscheid die mit gro\u00dfem Abstand modernste und leistungsf\u00e4higste Digitaldruckerei des Ruhrgebiets&#8230;.<\/p>\n<p> <a class=\"continue-reading-link\" href=\"https:\/\/www.buw.com\/\"><span>Continue reading<\/span><i class=\"crycon-right-dir\"><\/i><\/a> <\/p>\n","protected":false},"author":1,"featured_media":0,"parent":0,"menu_order":0,"comment_status":"closed","ping_status":"open","template":"","meta":{"footnotes":""},"class_list":["post-2","page","type-page","status-publish","hentry"],"_links":{"self":[{"href":"https:\/\/www.buw.com\/index.php?rest_route=\/wp\/v2\/pages\/2","targetHints":{"allow":["GET"]}}],"collection":[{"href":"https:\/\/www.buw.com\/index.php?rest_route=\/wp\/v2\/pages"}],"about":[{"href":"https:\/\/www.buw.com\/index.php?rest_route=\/wp\/v2\/types\/page"}],"author":[{"embeddable":true,"href":"https:\/\/www.buw.com\/index.php?rest_route=\/wp\/v2\/users\/1"}],"replies":[{"embeddable":true,"href":"https:\/\/www.buw.com\/index.php?rest_route=%2Fwp%2Fv2%2Fcomments&post=2"}],"version-history":[{"count":142,"href":"https:\/\/www.buw.com\/index.php?rest_route=\/wp\/v2\/pages\/2\/revisions"}],"predecessor-version":[{"id":507,"href":"https:\/\/www.buw.com\/index.php?rest_route=\/wp\/v2\/pages\/2\/revisions\/507"}],"wp:attachment":[{"href":"https:\/\/www.buw.com\/index.php?rest_route=%2Fwp%2Fv2%2Fmedia&parent=2"}],"curies":[{"name":"wp","href":"https:\/\/api.w.org\/{rel}","templated":true}]}}